11) in base 2?
-1101100011110
3080 (base 10) to base 8
6010
Convert -102212220 (base 3) to base 2.
-10000111011000
What is -3874 (base 15) in base 7?
-50041
What is c29 (base 13) in base 16?
80f
What is -12431 (base 7) in base 2?
-110011101001
21201213 (base 4) to base 12
1a6b3
What is 579 (base 11) in base 13?
412
What is -100110110111 (base 2) in base 7?
-10152
Convert -3260 (base 9) to base 16.
-963
Convert -11e1 (base 16) to base 9.
-6245
Convert 3322 (base 6) to base 9.
1045
Convert 70 (base 8) to base 2.
111000
Convert -50215 (base 9) to base 5.
-2023411
What is 2182 (base 10) in base 6?
14034
Convert -20102002 (base 3) to base 10.
-4673
35a (base 11) to base 15
1d8
-64ae (base 16) to base 11
-18401
What is -43304 (base 5) in base 4?
-232022
What is 2607 (base 8) in base 7?
4061
-11010111010011 (base 2) to base 15
-4139
-3403 (base 10) to base 12
-1b77
Convert 21101102 (base 3) to base 12.
3148
10211 (base 9) to base 10
6733
22a3 (base 12) to base 8
7433
-9fbe (base 16) to base 7
-230140
What is -191 (base 14) in base 8?
-503
-b4b (base 14) to base 10
-2223
Convert -686 (base 16) to base 15.
-765
Convert -36259 (base 10) to base 7.
-210466
-115 (base 6) to base 10
-47
Convert -912 (base 12) to base 10.
-1310
-515 (base 8) to base 10
-333
-39346 (base 10) to base 16
-99b2
Convert -183a (base 12) to base 2.
-101101101110
Convert 111011 (base 2) to base 15.
3e
Convert 1135533 (base 6) to base 15.
129d6
Convert 1a24 (base 16) to base 2.
1101000100100
-878 (base 11) to base 3
-1110000
What is -100100000101 (base 2) in base 5?
-33214
2334 (base 7) to base 14
454
What is 15410 (base 7) in base 13?
1c73
Convert -121244 (base 6) to base 11.
-8033
What is -6601 (base 7) in base 15?
-a6d
What is -14015 (base 8) in base 16?
-180d
What is -935 (base 16) in base 5?
-33412
Convert -1044213 (base 5) to base 9.
-27558
2b1 (base 16) to base 6
3105
-44243 (base 5) to base 13
-1525
What is 309 (base 10) in base 13?
1aa
What is 1110111010001 (base 2) in base 4?
1313101
-111101100100 (base 2) to base 10
-3940
Convert -12012 (base 4) to base 5.
-3030
Convert -79 (base 16) to base 14.
-89
-232 (base 6) to base 10
-92
What is 11433 (base 5) in base 13?
51a
Convert -937 (base 10) to base 7.
-2506
Convert -6260 (base 8) to base 4.
-302300
-1111110011100 (base 2) to base 4
-1332130
What is 23302 (base 4) in base 15?
354
30b (base 15) to base 16
2ae
-10311 (base 7) to base 5
-40211
1544 (base 15) to base 10
4564
What is 99a (base 13) in base 12?
b54
What is 5594 (base 10) in base 4?
1113122
What is 2203121 (base 4) in base 6?
120225
482 (base 14) to base 9
1207
Convert -1a74 (base 13) to base 2.
-111110001110
-14111 (base 6) to base 15
-9bd
44362 (base 7) to base 13
5110
What is 4848 (base 11) in base 6?
45212
-7974 (base 16) to base 13
-111c9
Convert -4510 (base 14) to base 6.
-131230
Convert -2b4 (base 12) to base 15.
-1d4
Convert 160 (base 14) to base 9.
341
What is 20213 (base 5) in base 15?
5c3
What is 53 (base 8) in base 12?
37
Convert 1176 (base 8) to base 10.
638
4435 (base 8) to base 3
10012102
10e7a (base 15) to base 4
31022002
What is -248a (base 15) in base 9?
-11604
1112 (base 3) to base 7
56
What is 16236 (base 9) in base 6?
123310
Convert 1000002010 (base 3) to base 4.
10310130
Convert 29e (base 15) to base 3.
211012
Convert -1102100 (base 3) to base 15.
-490
-3e4b (base 16) to base 15
-4ad2
-336 (base 13) to base 2
-1000101000
-21001 (base 3) to base 13
-118
Convert -15aa1 (base 13) to base 15.
-c3cc
205301 (base 7) to base 3
1210122222
Convert 12632 (base 7) to base 14.
1352
Convert 6a6b (base 13) to base 4.
3221301
14333 (base 5) to base 15
563
Convert 2c7d (base 16) to base 13.
5251
-2909 (base 16) to base 14
-3b85
-1000111000001 (base 2) to base 15
-1530
What is -1010211010 (base 3) in base 10?
-22467
What is -246c (base 13) in base 8?
-12050
-11233013 (base 4) to base 16
-5bc7
What is 4003 (base 7) in base 4?
111133
Convert -6b2e (base 16) to base 15.
-81e3
What is 73305 (base 8) in base 9?
45633
-12a6 (base 12) to base 3
-2221100
What is 4686 (base 9) in base 14?
13a8
-10043 (base 5) to base 14
-344
What is -34125 (base 6) in base 7?
-20003
What is 10044 (base 5) in base 3?
220001
What is 746 (base 14) in base 3?
1222010
What is -1001010110 (base 2) in base 3?
-211011
What is -445 (base 10) in base 14?
-23b
-b91 (base 12) to base 16
-69d
-858 (base 11) to base 14
-539
1514 (base 6) to base 16
196
What is 1308 (base 9) in base 5?
12410
-370 (base 15) to base 9
-1056
Convert 371 (base 13) to base 10.
599
What is 3b9 (base 15) in base 2?
1101010001
-14c7 (base 13) to base 3
-11011110
What is 12012100 (base 3) in base 6?
25313
Convert -7b2 (base 12) to base 7.
-3221
What is 101416 (base 7) in base 15?
5224
What is -4577 (base 9) in base 3?
-11122121
1030322 (base 4) to base 7
20231
3b1 (base 12) to base 16
235
-498a (base 11) to base 2
-1100101101111
Convert 411 (base 9) to base 16.
14e
11 (base 4) to base 11
5
-10a1 (base 13) to base 8
-4430
7bb (base 13) to base 2
10100111001
-131031 (base 5) to base 14
-1c33
1090 (base 13) to base 3
10011201
What is -13130 (base 5) in base 14?
-544
243112 (base 5) to base 14
34a1
Convert 24412 (base 10) to base 16.
5f5c
-489 (base 10) to base 6
-2133
What is -1a1b (base 16) in base 15?
-1ea8
What is -25224 (base 7) in base 2?
-1100111101001
Convert -64337 (base 10) to base 13.
-23390
Convert -11324 (base 9) to base 4.
-1312003
Convert 16485 (base 13) to base 16.
a620
What is 244531 (base 6) in base 9?
32811
What is -1363 (base 8) in base 9?
-1028
Convert -181 (base 13) to base 10.
-274
What is 804 (base 12) in base 3?
1120211
What is -1500 (base 9) in base 15?
-509
What is 243404 (base 5) in base 3?
110122211
What is -5450 (base 15) in base 11?
-12458
What is 10016 (base 8) in base 14?
16d8
What is -1758 (base 13) in base 10?
-3453
100101001100 (base 2) to base 14
c20
34331 (base 5) to base 7
10122
What is 4636 (base 7) in base 16?
69d
What is -420203 (base 5) in base 4?
-3113223
What is 218d (base 15) in base 14?
283a
Convert 27664 (base 8) to base 4.
2332310
305 (base 7) to base 3
12122
24548 (base 10) to base 14
8d36
Convert -8202 (base 12) to base 10.
-14114
What is -100010011001110 (base 2) in base 6?
-213314
Convert 102211 (base 4) to base 8.
2245
20122 (base 5) to base 8
2407
-4650 (base 9) to base 11
-2654
-7828 (base 16) to base 6
-354224
Convert 8027 (base 9) to base 15.
1b07
Convert -1001000110101 (base 2) to base 16.
-1235
Convert 2540 (base 6) to base 11.
529
What is -121002101 (base 3) in base 9?
-17071
Convert -216000 (base 8) to base 5.
-4311304
Convert 6520 (base 7) to base 11.
1817
What is 25d3 (base 15) in base 7?
32352
What is -e0a2 (base 16) in base 11?
-3a229
What is 1883 (base 13) in base 3?
12000102
What is 143414 (base 5) in base 16?
17dd
Convert 1127b (base 13) to base 12.
1607a
13411 (base 8) to base 3
22002102
Convert -1011101001 (base 2) to base 3.
-1000121
Convert -1110100110 (base 2) to base 14.
-4aa
What is -12241 (base 10) in base 12?
-7101
-501 (base 6) to base 4
-2311
What is -13231 (base 7) in base 8?
-6736
-4151 (base 7) to base 10
-1457
What is 4330 (base 5) in base 9?
725
Convert 11100110010010 (base 2) to base 7.
60653
312332 (base 4) to base 2
110110111110
What is -1142 (base 11) in base 2?
-10111011010
136642 (base 8) to base 5
3023141
What is 7aa (base 13) in base 14?
6a7
-6310 (base 12) to base 5
-321222
347 (base 12) to base 11
403
What is -2311 (base 5) in base 13?
-1c6
What is 133113 (base 4) in base 9?
2670
-11322 (base 4) to base 12
-276
Convert -2123 (base 4) to base 7.
-311
Convert 43675 (base 8) to base 16.
47bd
What is -1006 (base 8) in base 3?
-201012
What is -1302 (base 7) in base 15?
-22c
-303 (base 5) to base 6
-210
What is -2ab (base 15) in base 11?
-506
What is 3202b (base 12) in base 7?
362354
-51341 (base 8) to base 5
-1134332
6430 (base 9) to base 10
4725
-5654 (base 11) to base 5
-214230
Convert 232530 (base 6) to base 5.
1120240
Convert -10010001001 (base 2) to base 3.
-1121000
Convert -a46 (base 12) to base 7.
-4233
Convert -564 (base 12) to base 3.
-1002111
Convert 46326 (base 8) to base 11.
13862
Convert -58814 (base 9) to base 7.
-222400
Convert -23903 (base 10) to base 12.
-119bb
What is -5479 (base 15) in base 10?
-17889
Convert 71a3 (bas